
797
Calculate the highest common factor of 58892499 and 387.
387
Calculate the highest common divisor of 150 and 111113775.
75
Calculate the greatest common divisor of 95941847 and 59.
59
What is the highest common factor of 171738 and 75429?
261
What is the greatest common divisor of 31010 and 12334?
14
Calculate the greatest common divisor of 72 and 69948288.
72
Calculate the highest common factor of 11 and 382393.
11
What is the highest common factor of 1220 and 65204?
4
Calculate the highest common factor of 7623 and 3928848.
231
Calculate the highest common divisor of 248 and 736932.
124
What is the highest common divisor of 2808 and 666807336?
2808
What is the highest common divisor of 2030 and 3954730?
290
Calculate the greatest common divisor of 10148292 and 756.
252
Calculate the greatest common divisor of 816282 and 25593.
1347
Calculate the greatest common factor of 766404 and 24081.
1047
Calculate the highest common factor of 9153648 and 15309.
567
What is the highest common divisor of 718217 and 2026?
1013
Calculate the highest common factor of 156393 and 12.
3
Calculate the greatest common factor of 4975975 and 200.
25
Calculate the highest common divisor of 555 and 201675.
15
What is the greatest common divisor of 2561 and 45877?
13
Calculate the greatest common factor of 546247280 and 5.
5
Calculate the greatest common divisor of 105408 and 252.
36
What is the highest common factor of 106980516 and 468?
36
What is the highest common divisor of 14706208 and 328?
328
What is the greatest common factor of 2404844 and 598?
26
Calculate the highest common factor of 12205746 and 252.
126
What is the highest common divisor of 78 and 332274?
6
What is the highest common divisor of 1989 and 340774486?
221
Calculate the greatest common divisor of 14121 and 2797527.
1569
What is the highest common factor of 8315 and 8725?
5
What is the greatest common divisor of 107692732 and 17220?
1148
Calculate the highest common divisor of 268556 and 88.
4
Calculate the greatest common factor of 25803716 and 2.
2
Calculate the greatest common factor of 12576196 and 10430.
298
Calculate the highest common divisor of 351 and 32429.
1
Calculate the greatest common factor of 289 and 60981023.
289
Calculate the greatest common divisor of 3675660 and 80.
20
Calculate the highest common divisor of 6813260 and 4420.
340
What is the highest common factor of 1871432 and 1256302?
898
What is the highest common divisor of 1702 and 360433?
23
What is the greatest common factor of 632 and 19639558?
158
Calculate the greatest common factor of 3203704 and 33668.
76
Calculate the greatest common divisor of 83032 and 49541.
107
What is the highest common factor of 399557760 and 48?
48
What is the highest common divisor of 2456506 and 856?
214
Calculate the greatest common factor of 131783230 and 30.
10
What is the highest common divisor of 241 and 2906518081?
241
What is the greatest common divisor of 13327883 and 6843?
2281
Calculate the greatest common factor of 516283451 and 211.
211
Calculate the greatest common divisor of 35483 and 1755243.
259
What is the greatest common divisor of 24639409 and 2831?
19
What is the highest common divisor of 2918850 and 116?
58
What is the greatest common factor of 8416 and 1332621?
263
Calculate the highest common divisor of 43092 and 4855788.
2268
What is the highest common factor of 1474 and 1831914?
134
What is the greatest common divisor of 44 and 2230063?
11
What is the highest common divisor of 42802649 and 421?
421
Calculate the highest common factor of 8096880 and 960.
240
What is the greatest common divisor of 5587603 and 2583?
287
Calculate the greatest common factor of 163 and 64304152.
163
Calculate the greatest common factor of 70034 and 3094397.
1843
What is the highest common factor of 117 and 7316322?
39
What is the highest common divisor of 1528623 and 1224?
153
What is the highest common factor of 2367 and 433366140?
789
Calculate the highest common factor of 823970 and 42763.
1043
Calculate the greatest common factor of 22838 and 779.
19
What is the greatest common divisor of 8635 and 15405625?
785
Calculate the highest common factor of 2384532 and 144.
36
What is the highest common divisor of 17172 and 3810564?
324
What is the highest common divisor of 8946622 and 27369?
3041
What is the greatest common divisor of 396 and 113519868?
132
Calculate the greatest common divisor of 1892888 and 6368.
1592
What is the greatest common divisor of 7122955 and 245?
35
Calculate the highest common divisor of 493536 and 513712.
1552
Calculate the highest common divisor of 30 and 255283635.
15
What is the greatest common factor of 11 and 1044879?
11
What is the greatest common divisor of 611643 and 2685?
537
Calculate the highest common factor of 3590 and 748188310.
3590
What is the highest common factor of 46397948 and 217?
31
Calculate the highest common factor of 544912 and 24672.
16
What is the greatest common divisor of 3016 and 175660888?
3016
What is the highest common factor of 20673 and 22345216?
2297
What is the greatest common divisor of 192 and 4809552?
48
What is the greatest common factor of 5963 and 836424047?
5963
Calculate the greatest common factor of 817362 and 15210.
234
Calculate the greatest common factor of 101 and 3914721115.
101
What is the highest common factor of 4446244 and 9284?
44
Calculate the greatest common factor of 8217718 and 242258.
2722
Calculate the highest common factor of 416 and 2708264.
104
Calculate the highest common factor of 932 and 478324.
4
Calculate the greatest common factor of 394853730 and 1020.
510
What is the greatest common divisor of 1020 and 44156820?
1020
What is the greatest common divisor of 77870 and 1338166?
1198
Calculate the greatest common factor of 317611996 and 65.
13
What is the highest common divisor of 49 and 816789771?
49
What is the greatest common divisor of 21308746 and 9032?
2258
What is the greatest common divisor of 15 and 37057857?
3
Calculate the highest common divisor of 16256982 and 3206.
14
What is the highest common factor of 168573 and 10209?
249
What is the highest common factor of 36006858 and 9?
9
What is the highest common divisor of 379108198 and 98?
98
What is the greatest common divisor of 1540 and 1325100?
140
Calculate the greatest common divisor of 152897964 and 16836.
732
What is the greatest common factor of 287 and 44055935?
287
What is the greatest common factor of 430 and 4760358?
86
What is the highest common divisor of 28865 and 158585?
115
Calculate the highest common factor of 760676 and 882.
98
What is the highest common factor of 54 and 8947380?
6
Calculate the highest common divisor of 3 and 184327383.
3
What is the highest common factor of 33797519 and 28?
7
What is the highest common factor of 32480376 and 16?
8
Calculate the greatest common factor of 23345 and 76904065.
805
Calculate the highest common divisor of 144513 and 3897.
9
What is the highest common factor of 278368218 and 9?
9
What is the highest common factor of 149189 and 73?
1
What is the greatest common factor of 80 and 2006545?
5
What is the greatest common divisor of 22047454 and 1573?
143
What is the greatest common divisor of 65875 and 32271?
31
Calculate the greatest common factor of 41061216 and 10320.
2064
Calculate the greatest common divisor of 12318416 and 88.
88
Calculate the highest common factor of 1471392 and 178152.
312
What is the greatest common divisor of 314384175 and 119350?
5425
What is the highest common divisor of 78586750 and 697?
697
Calculate the greatest common factor of 34 and 30406234.
34
What is the highest common divisor of 567 and 354213?
81
What is the greatest common factor of 910588 and 18088?
476
Calculate the highest common factor of 114036 and 1113840.
2652
Calculate the greatest common factor of 14 and 19102916.
14
Calculate the greatest common factor of 5 and 3546047.
1
Calculate the highest common factor of 34474 and 74668.
22
What is the greatest common divisor of 25305247 and 3737?
101
Calculate the greatest common factor of 19389895 and 7300.
365
What is the greatest common divisor of 1425 and 37773615?
285
What is the greatest common divisor of 9296 and 5040?
112
Calculate the highest common divisor of